y z(j)?
5
Suppose l = 5*l - 16, -4 = -s - 2*l. What is the remainder when 81/2 - (-2)/s is divided by 7?
5
Let n(k) = 3*k**3 - k**2. Let z be n(1). What is the remainder when (1 - 37)*(1 - z) is divided by 13?
10
Let r(k) = -k**3 + 93*k**2 - 81*k - 986. What is the remainder when r(92) is divided by (1 + 0)/((-1)/(-7))?
5
Let u = -783 + 808. What is the remainder when 119 is divided by u?
19
Suppose 8*g - 743 = 145. What is the remainder when g is divided by 55?
1
Let p(z) = -2*z**3 - 12*z**2 + 40*z + 83. Suppose -2*j - 4*t = -104, 3*t = -j - 2*t + 55. Calculate the remainder when j is divided by p(-8).
12
Let k(d) = -4*d**2 + 32*d - 9. Calculate the remainder when k(7) is divided by 12.
7
Let p(y) = -2*y - 7. Suppose 2*l - 4*l + 16 = 0. Suppose -7*k = -l*k - 12. What is the remainder when 50 is divided by p(k)?
16
Suppose 2*l - g = 660 - 90, -5*l + 1426 = -2*g. What is the remainder when l is divided by 12?
10
Let g = 16 + -16. Suppose 2*n + 2 = -0*n, g = -3*z + 3*n + 18. Calculate the remainder when -1 + 2 + z + -2 is divided by 2.
0
Let a = 8 + -2. Suppose -y - 9 = -4*r, 6 = -a*y + 4*y + 4*r. Suppose 2*l + 42 = 16*l. Calculate the remainder when l is divided by y.
0
Let y(o) = -o + 14. What is the remainder when (-1)/(5 + -6)*(13 + 0) is divided by y(12)?
1
What is the remainder when 8 is divided by (-1 - 28/(-12)) + (-8)/(-12)?
0
Suppose -5*c + 16 = -l, 2*c + 4 = l + 2*l. Let s be c/(-6) - 28/(-6). What is the remainder when 89 is divided by (s/(-2))/(10/(-75))?
14
Suppose 5*k + 2*r = -0*r - 10, -5*k = r + 15. Let p be 3*2/(-6)*k. Suppose 0 = -p*h + 61 + 15. What is the remainder when h is divided by 7?
5
Suppose -3*g + 4*b + 50 = 0, -3*g + 60 = 2*g - 2*b. What is the remainder when 23 is divided by 469/35 + (-4)/g?
10
Let i be 3/15 - (-2)/(-10). Let a = -2 - i. Let n(b) = 7*b**2 + 5*b + 4. What is the remainder when 63 is divided by n(a)?
19
Calculate the remainder when (1178/(-57))/(3/(-9)) is divided by 32.
30
Let p(c) be the second derivative of -c**4/12 - 2*c**3 - c. Suppose 4*j - 7 = -27. Calculate the remainder when p(j) is divided by 6.
5
Suppose 133*z - 588 = 105*z. Calculate the remainder when 29 is divided by z.
8
Let h be -5*(3 + (3 - 7)). Suppose h*q + 0 = 15. Let s = 25 + -22. Calculate the remainder when q is divided by s.
0
Let c(n) = -12*n - 131. Calculate the remainder when 43 is divided by c(-12).
4
Let t(w) = w**3 - 2*w**2 + 5*w. Let f be t(4). Suppose -8*r + f = -4*r. Suppose -32 = 3*y - 7*y. What is the remainder when r is divided by y?
5
Let q(s) = 7*s**3 - 21*s**2 + 10*s + 13. Let v(y) = 8*y**3 - 22*y**2 + 9*y + 13. Let p(l) = 7*q(l) - 6*v(l). What is the remainder when p(14) is divided by 15?
11
Let w = -311 - -210. Let s = w - -198. What is the remainder when s is divided by 7?
6
Let l(p) = 5*p**2 - 8*p + 6. What is the remainder when 58 is divided by l(2)?
8
Suppose 4*z - 59 = 49. Let b = -50 + z. Let i = -10 - b. Calculate the remainder when 22 is divided by i.
9
Suppose 16*r = 13*r + 48. What is the remainder when r is divided by 3?
1
Suppose -5*r = -3*u - 19 + 1, -4*u - 8 = -4*r. Calculate the remainder when 47 is divided by r.
5
Suppose 0 = -41*x + 36*x + 195. Suppose -3*p + 5*p - 2 = 0. Calculate the remainder when x is divided by (0 - p)/2*-16.
7
Calculate the remainder when (-2 - 16/(-10)) + (-2988)/(-45) is divided by 8.
2
Let h = -2 - -7. Suppose -3*a + 12 = 4*n, h*n + 0*a + a - 26 = 0. Calculate the remainder when 6/(0 + 3) + 13 is divided by n.
3
Let p = -14 + 29. Let b = 13 + -9. Let u = 38 + b. Calculate the remainder when u is divided by p.
12
Let d be 1/4 - (-1)/(-4). Suppose -b + c + 6 = -6, d = -4*b + 2*c + 44. What is the remainder when 35 is divided by 6/(b/4 - 2)?
11
Suppose 4*g + 16 = -3*z - z, g + 7 = 2*z. Let b = 0 + z. Calculate the remainder when 12/(21/(-30) + b) is divided by 21.
19
Let l(q) = -4 + 15*q + 3 - 3 + 0*q**2 - 2*q**2. Let h be l(7). Suppose j + h*x - 21 = -2*j, -x + 35 = 5*j. Calculate the remainder when 34 is divided by j.
6
Suppose -5*n + 111 = 2*k, -9 = 3*k - 3. Suppose -5*m + 268 = n. Let t(z) = 3*z - 37. Calculate the remainder when m is divided by t(18).
15
Let o be (3/2)/(39/1118). Suppose u - o = 10. What is the remainder when u is divided by (-6)/8*-1*24?
17
Let k = -3 + 4. Let p(q) = q**2 + 26*q + 122. Calculate the remainder when p(-20) is divided by k.
0
Let k be (2 + -1)/((-76)/(-15) + -5). Let s(x) = 2*x**3 - 29*x**2 - 15*x + 3. Calculate the remainder when 24 is divided by s(k).
0
Let m(t) = -t**2 + 17*t - 68. Let z be m(8). Suppose 0*k = 4*k - z*f - 112, -84 = -3*k - 5*f. Calculate the remainder when k is divided by 10.
8
Calculate the remainder when 2*-7*17/(1071/(-72)) is divided by 9.
7
Let r = 34 - 18. Let j(q) = q + 10. What is the remainder when j(r) is divided by 7?
5
Let z(s) = s**3 + s**2 - s - 1. Let u(i) = -3*i**3 - 18*i**2 + 9*i + 3. Let c(n) = -u(n) - 2*z(n). Calculate the remainder when c(-16) is divided by 29.
24
Let r be -1*(-2 + 1 + 1). Suppose -5*x - 2*k + 22 = -33, r = -x - 5*k + 11. What is the remainder when x is divided by (-16)/12*(-18)/(-4)*-1?
5
Let r(d) = 33*d - 3. Let z be r(3). Suppose 2*y - w - 44 = 3*w, 0 = 5*y + 4*w - z. Suppose -5*j + 273 - 78 = 0. What is the remainder when j is divided by y?
19
Let p = 283 - 189. Let r = p + -67. Suppose 3*b = -0*b + r. Calculate the remainder when b is divided by 4.
1
Let d be 13/(26/(-20))*2. What is the remainder when (2 - d) + (-5)/((-20)/(-12)) is divided by 5?
4
Suppose -9*y - 10 = -46. What is the remainder when 38 is divided by y?
2
Suppose -4*s + 3*s = 5*o - 8, -4*s = -2*o - 10. Calculate the remainder when (-3)/(3/2) + (50 - o) is divided by 25.
22
Suppose -240 = 3*m - 7*m + 4*q, 5*q - 290 = -5*m. Calculate the remainder when 2004 is divided by m.
57
Suppose 1610 = 44*y - 3626. Calculate the remainder when y is divided by 26.
15
Let x(h) be the first derivative of 7*h**3/2 + h**2/2 - 3*h - 5. Let s(t) be the first derivative of x(t). Calculate the remainder when 87 is divided by s(1).
21
Let m = 98 + -66. Suppose 17*h - m = 15*h. Let o(g) = -6*g**3 - 2*g**2 - 3*g. Calculate the remainder when o(-2) is divided by h.
14
Let g(s) = -4*s**3 - s**2 - 4*s - 4. Suppose -2 = -n + 12. Calculate the remainder when g(-2) is divided by n.
4
Suppose -58 = -5*w + 32. Suppose -2*a + 0*a - w = 0. Let m = 45 - a. What is the remainder when m is divided by 14?
12
Suppose -d - 5*w + 40 = 0, -3*w = 4*d + w - 112. Suppose h + 2*s - d = 0, 5*h + 2*s - 107 = s. Let m = -13 + 53. What is the remainder when m is divided by h?
19
Let p(g) = -g**3 + 17*g**2 + 5*g + 118. Calculate the remainder when p(17) is divided by 10.
3
Let d be (-4 + 5)*8/2. Let z(v) be the first derivative of -v**4/4 + 4*v**3/3 + v**2/2 - 4. What is the remainder when 5 is divided by z(d)?
1
Let v be 2/8 + 324/48. Let g(a) = 14*a - 23. What is the remainder when g(v) is divided by 13?
10
Suppose 0 = -v + 4*v - 27. Let i be -4 + ((-43)/(-5) - 4/(-10)). Suppose -5*w = a - w - 56, -3*w = -i*a + 257. What is the remainder when a is divided by v?
7
Suppose 0 = -2*r + 4*h + 26 + 2, 3*r = -5*h - 13. Let d(v) = v**2 - 3*v - 9. Let w = -39 - -46. What is the remainder when d(w) is divided by r?
3
Let h = 9 - 3. Let g be 15/2*h/(-9). Let f = g - -8. Calculate the remainder when 7 is divided by f.
1
Let c(q) = -q**3 - 4*q**2 - 5*q - 1. Let r be c(-2). Calculate the remainder when 5 is divided by r - (2 - 4)/1.
2
What is the remainder when 10 is divided by 5/4 + 72/96?
0
Let k(v) = 1 + 2 - 36*v + 1 - 5. Let p be k(-1). Suppose -3*y = -p + 2. Calculate the remainder when y is divided by 7.
4
Let z be (-4)/(-3 - (-22)/6). Calculate the remainder when 103 is divided by (((-416)/z)/4)/(12/18).
25
Let l = 45 + -79. Let o = l - -37. What is the remainder when 4 is divided by o?
1
Let l = -8 + 46. Let n be l + 2/4*2. Suppose 4*u + 33 = 2*t + u, -u = -2*t + n. What is the remainder when t is divided by 8?
5
Suppose -6*w + 316 = -68. What is the remainder when 274 is divided by w?
18
Let h = 113 + -64. Calculate the remainder when h is divided by 25.
24
Let y = 1152 - 1124. Calculate the remainder when 300 is divided by y.
20
Suppose 92*t = 99*t - 1414. Calculate the remainder when t is divided by 29.
28
Let b(l) = -l + 1. Let r be b(-5). Let p(u) = -2